6 + 33a249?
33a243
In base 4, what is -203013 + 13123233?
12320220
In base 2, what is -10010000010000000000110 - 1000?
-10010000010000000001110
In base 15, what is -13cde - 225?
-14014
In base 4, what is -300001 - 31230?
-331231
In base 12, what is -141 - 65aa6?
-66027
In base 3, what is -1002020202220102 - -10?
-1002020202220022
In base 14, what is 16a7 - -27?
16d0
In base 2, what is 1010110001010111111001011101 + 101?
1010110001010111111001100010
In base 14, what is 1587c84 - 2?
1587c82
In base 4, what is 300021120323 - -12?
300021121001
In base 15, what is 7 + 360c913?
360c91a
In base 12, what is -34206658 - -1?
-34206657
In base 4, what is -31 + 1121030102213?
1121030102122
In base 11, what is -7a94 + -a2?
-8086
In base 8, what is 2022305 - -13?
2022320
In base 11, what is 639014 + 595?
6395a9
In base 5, what is -42442 - -243031?
200034
In base 5, what is -14332114040 + -41?
-14332114131
In base 13, what is 4 - -2772333?
2772337
In base 13, what is 11a34c - -3?
11a352
In base 13, what is 19795 + -905?
18b90
In base 10, what is 1 - 6970517?
-6970516
In base 16, what is 35 - 626158?
-626123
In base 6, what is 0 - 130522554?
-130522554
In base 13, what is -7 - 105063?
-10506a
In base 13, what is -b154 + -34a?
-b4a1
In base 14, what is -10d7554 - -11?
-10d7543
In base 7, what is -2014434 - 226?
-2014663
In base 15, what is 28 - 19c96a?
-19c942
In base 4, what is -1332011230 - 232?
-1332012122
In base 16, what is 3fe - -1bdf?
1fdd
In base 3, what is 201210220210111 - -10?
201210220210121
In base 7, what is 551 + -2311?
-1430
In base 14, what is 489370 + -14?
48935a
In base 9, what is -23222780 - -4?
-23222775
In base 12, what is -3 + 18a2110?
18a2109
In base 2, what is 11001010100101000 - -111000?
11001010101100000
In base 13, what is -252 - -bca?
978
In base 5, what is 20132300 - 20?
20132230
In base 2, what is -10 - -1100110011011010111110?
1100110011011010111100
In base 4, what is 13203 + -33213?
-20010
In base 15, what is -b + -97c0?
-97cb
In base 12, what is -6717a + 29?
-67151
In base 15, what is 3b76d + -1e?
3b74e
In base 6, what is 2411051 + 5?
2411100
In base 5, what is 12220100221 - 10?
12220100211
In base 7, what is -120440 - -64504?
-22633
In base 16, what is -69 - 322e?
-3297
In base 16, what is -22e274 - -7a?
-22e1fa
In base 13, what is -5 - 198c65?
-198c6a
In base 12, what is -465a - 1259a?
-17038
In base 9, what is -20 - 1864708?
-1864728
In base 12, what is -2a855b - -2?
-2a8559
In base 4, what is -32 - 11311332?
-11312030
In base 12, what is 6 - -12305900?
12305906
In base 14, what is -1a + -2d60723?
-2d6073d
In base 6, what is -4 - 102301044?
-102301052
In base 4, what is -101221320013 - -1212?
-101221312201
In base 9, what is -684820 - 3781?
-688711
In base 9, what is -12454605 + -1?
-12454606
In base 11, what is -8010 - -27a5?
-5316
In base 15, what is 6 + -2a04ac?
-2a04a6
In base 5, what is 110 + 224423?
230033
In base 4, what is -220202312231 + -11?
-220202312302
In base 5, what is 1414313203 + -12?
1414313141
In base 4, what is -131223230132 - 11?
-131223230203
In base 11, what is -776 + -18736?
-19401
In base 15, what is 10c0a86 - 26?
10c0a60
In base 2, what is 1001110000110000100000 + -10?
1001110000110000011110
In base 12, what is 9 - -5337153?
5337160
In base 10, what is -14 + -117715?
-117729
In base 4, what is -2012200 + -122?
-2012322
In base 16, what is -ef31 - -e9?
-ee48
In base 13, what is 2b + 27078a?
2707b8
In base 5, what is 1001 - -11220431?
11221432
In base 2, what is 1001001110111101111001 + -1000?
1001001110111101110001
In base 11, what is 744 - 14077?
-13433
In base 14, what is -3d31 + -398?
-42c9
In base 9, what is 63 - -15825?
15888
In base 2, what is -1111101100101000 - -110001?
-1111101011110111
In base 15, what is 3 + 8525b0?
8525b3
In base 4, what is -1000210110112 + -11?
-1000210110123
In base 13, what is -1301 + 3730?
242c
In base 6, what is 0 + 1222144500?
1222144500
In base 5, what is -242 + -22043231?
-22044023
In base 7, what is -20 + 343023526?
343023506
In base 3, what is 1210011021020001002 + -1?
1210011021020001001
In base 6, what is 3234405 - 140?
3234225
In base 2, what is 101100 + 100110110001100110?
100110110010010010
In base 6, what is -120 + 15525411?
15525251
In base 5, what is -1 - 1300124443?
-1300124444
In base 7, what is -13641 + -103352?
-120323
In base 11, what is -1957663 + 11?
-1957652
In base 15, what is -1d0eb - 9?
-1d105
In base 10, what is 4 - -2678176?
2678180
In base 3, what is -1200210100101201 + 101?
-1200210100101100
In base 11, what is -3954739 - -a4?
-3954645
In base 5, what is 11224214 - -240?
11230004
In base 8, what is 30667 + 3566?
34455
In base 6, what is -21345 - -12503552?
12442203
In base 4, what is 33110022133320 + 3?
33110022133323
In base 4, what is -133212 + 1031200131?
1031000313
In base 14, what is 1557 + -5809?
-4292
In base 14, what is -3291 - 63c4?
-9675
In base 7, what is 12003444016 - 3?
12003444013
In base 15, what is c68 - d672?
-c909
In base 5, what is -2 - 10111322120?
-10111322122
In base 5, what is -10 - -14234104202?
14234104142
In base 2, what is -1010 + 1010110010111110001?
1010110010111100111
In base 10, what is -5 - 1217186?
-1217191
In base 3, what is -21110202 - -101221211211?
101200101002
In base 7, what is 2105 - -130356?
132464
In base 14, what is 186120 - 10?
186110
In base 14, what is 638 + 40d6?
4730
In base 16, what is 85a - 1a6b4?
-19e5a
In base 3, what is 11122 - -10022002121?
10022021020
In base 15, what is -e3a + 1286?
34b
In base 8, what is 14 - -462030?
462044
In base 4, what is 12102001031030 + 10?
12102001031100
In base 5, what is 112322303043 + -2?
112322303041
In base 14, what is -3 + -a4724?
-a4727
In base 16, what is 4299 - 11f3?
30a6
In base 10, what is -9 + -373367?
-373376
In base 3, what is 11221001020 - 2101112?
11211122201
In base 15, what is 5 - 3e19e1?
-3e19db
In base 14, what is -c9b99d6 - 2?
-c9b99d8
In base 15, what is 4231e + -28?
422e6
In base 6, what is -532402424 + -21?
-532402445
In base 15, what is e404b - -7?
e4053
In base 13, what is -7305 + -b97?
-819c
In base 4, what is 11 - -3033112301?
3033112312
In base 3, what is -1221122 - -201112200202?
201110202010
In base 5, what is 2331130 + 41012?
2422142
In base 8, what is 356512507 - -3?
356512512
In base 12, what is 8 + -15a8080?
-15a8074
In base 16, what is -12ccb7b5 - -1?
-12ccb7b4
In base 5, what is -4430 + -34204211?
-34214141
In base 11, what is 1360 + 242488?
243838
In base 6, what is -103 - -1244521?
1244414
In base 2, what is 1100011 - 11000111111111?
-11000110011100
In base 13, what is 2552218 - -2?
255221a
In base 13, what is -16713 - 87?
-1679a
In base 6, what is 3 - 43531524?
-43531521
In base 2, what is 10000100011010000001001010 - 100?
10000100011010000001000110
In base 10, what is -1914335 - 89?
-1914424
In base 2, what is -100100011001011101101101110 + 10?
-100100011001011101101101100
In base 5, what is -4141044 + 142?
-4140402
In base 2, what is 10 + -10010111001111000000110?
-10010111001111000000100
In base 5, what is 103200342 + 101?
103200443
In base 6, what is -305540 + 3204?
-302332
In base 8, what is -4 - 256460225?
-256460231
In base 13, what is -1 + -4b68b4?
-4b68b5
In base 8, what is -23373 + -13346?
-36741
In base 13, what is c1 - -57c3?
58b4
In base 5, what is -4034 - -121241?
112202
In base 6, what is -3412004 + -224?
-3412232
In base 9, what is 1 + 4153844?
4153845
In base 12, what is 2 + -5b912?
-5b910
In base 5, what is 1233113340 - 31?
1233113304
In base 7, what is 5 - -462342422?
462342430
In base 12, what is 5 - b254b13?
-b254b0a
In base 2, what is -1 + 1011010100111101000111110100?
1011010100111101000111110011
In base 9, what is 374 + -21554?
-21170
In base 2, what is -10110100 + -111001011101101111100?
-111001011110000110000
In base 16, what is 112ae2c + -2?
112ae2a
In base 6, what is -13530134 - -104?
-13530030
In base 15, what is -5 - -1436adc?
1436ad7
In base 10, what is -313 + -408650?
-408963
In base 16, what is -b8 + -91dd?
-9295
In base 5, what is -32420 + 232042?
144122
In base 13, what is 26c - -ca486?
ca725
In base 12, what is -b50275 + 8?
-b50269
In base 5, what is 10 + -3012314422?
-3012314412
In base 4, what is 1102313220 - -13?
1102313233
In base 11, what is 243 - -9a21a?
9a462
In base 15, 